{"id":661,"date":"2024-05-17T11:41:37","date_gmt":"2024-05-17T09:41:37","guid":{"rendered":"https:\/\/www.natation.asp86.fr\/?page_id=661"},"modified":"2025-06-19T17:42:16","modified_gmt":"2025-06-19T15:42:16","slug":"lecole-de-leau","status":"publish","type":"page","link":"https:\/\/www.natation.asp86.fr\/index.php\/activites-loisirs\/lecole-de-leau\/","title":{"rendered":"L&rsquo;\u00e9cole de l&rsquo;eau"},"content":{"rendered":"\n<h2 class=\"wp-block-heading\"><\/h2>\n\n\n\n<h2 class=\"wp-block-heading has-black-color has-text-color has-link-color wp-elements-ef29c3ab681b7d69a70454c27b892f0a\">\u00c9cole de l&rsquo;eau : les canetons<\/h2>\n\n\n\n<figure class=\"wp-block-image aligncenter size-large is-resized\"><img fetchpriority=\"high\" decoding=\"async\" width=\"1024\" height=\"487\" src=\"http:\/\/www.natation.asp86.fr\/wp-content\/uploads\/2024\/06\/C3-scaled-e1718614472996-1024x487.jpg\" alt=\"\" class=\"wp-image-1123\" style=\"width:450px;height:auto\" srcset=\"https:\/\/www.natation.asp86.fr\/wp-content\/uploads\/2024\/06\/C3-scaled-e1718614472996-1024x487.jpg 1024w, https:\/\/www.natation.asp86.fr\/wp-content\/uploads\/2024\/06\/C3-scaled-e1718614472996-300x143.jpg 300w, https:\/\/www.natation.asp86.fr\/wp-content\/uploads\/2024\/06\/C3-scaled-e1718614472996-768x366.jpg 768w, https:\/\/www.natation.asp86.fr\/wp-content\/uploads\/2024\/06\/C3-scaled-e1718614472996-1536x731.jpg 1536w, https:\/\/www.natation.asp86.fr\/wp-content\/uploads\/2024\/06\/C3-scaled-e1718614472996-2048x975.jpg 2048w\" sizes=\"(max-width: 1024px) 100vw, 1024px\" \/><\/figure>\n\n\n\n<h4 class=\"wp-block-heading\">Pour les 4-7 ans<\/h4>\n\n\n\n<p>En respectant le rythme de votre enfant, l\u2019activit\u00e9 se veut ludique et vari\u00e9e. De la d\u00e9couverte du milieu aquatique (flottaison, d\u00e9placement, immersion, entr\u00e9e dans l\u2019eau, d\u00e9couverte de la profondeur) vers l\u2019autonomie (Canetons 3) votre enfant prend confiance en lui.<\/p>\n\n\n\n<p>Les s\u00e9ances se d\u00e9roulent \u00e0 la piscine de la Ganterie le mercredi et \/ ou le samedi.<\/p>\n\n\n\n<p><strong><br>Tarifs :<\/strong><\/p>\n\n\n\n<ul class=\"wp-block-list\">\n<li>145 \u20ac pour 1 s\u00e9ance par semaine<\/li>\n\n\n\n<li>215 \u20ac pour 2 s\u00e9ances par semaine<\/li>\n<\/ul>\n\n\n\n<p class=\"has-text-align-center\"><a href=\"http:\/\/www.natation.asp86.fr\/wp-content\/uploads\/2025\/06\/Broch-25-26-1.pdf\" target=\"_blank\" rel=\"noreferrer noopener\">Brochure 2025\/2026<\/a><\/p>\n\n\n\n<figure class=\"wp-block-image aligncenter size-full\"><img decoding=\"async\" width=\"1754\" height=\"1240\" src=\"http:\/\/www.natation.asp86.fr\/wp-content\/uploads\/2025\/06\/Broch-25-26-p1.jpg\" alt=\"\" class=\"wp-image-1760\" srcset=\"https:\/\/www.natation.asp86.fr\/wp-content\/uploads\/2025\/06\/Broch-25-26-p1.jpg 1754w, https:\/\/www.natation.asp86.fr\/wp-content\/uploads\/2025\/06\/Broch-25-26-p1-300x212.jpg 300w, https:\/\/www.natation.asp86.fr\/wp-content\/uploads\/2025\/06\/Broch-25-26-p1-1024x724.jpg 1024w, https:\/\/www.natation.asp86.fr\/wp-content\/uploads\/2025\/06\/Broch-25-26-p1-768x543.jpg 768w, https:\/\/www.natation.asp86.fr\/wp-content\/uploads\/2025\/06\/Broch-25-26-p1-1536x1086.jpg 1536w\" sizes=\"(max-width: 1754px) 100vw, 1754px\" \/><\/figure>\n\n\n\n<p class=\"has-text-align-center\"><a href=\"http:\/\/www.natation.asp86.fr\/wp-content\/uploads\/2025\/06\/Broch-25-26-2.pdf\" target=\"_blank\" rel=\"noreferrer noopener\">Horaires des activit\u00e9s<\/a><\/p>\n\n\n\n<figure class=\"wp-block-image aligncenter size-full\"><img decoding=\"async\" width=\"1754\" height=\"1240\" src=\"http:\/\/www.natation.asp86.fr\/wp-content\/uploads\/2025\/06\/Broch-25-26-p2.jpg\" alt=\"\" class=\"wp-image-1761\" srcset=\"https:\/\/www.natation.asp86.fr\/wp-content\/uploads\/2025\/06\/Broch-25-26-p2.jpg 1754w, https:\/\/www.natation.asp86.fr\/wp-content\/uploads\/2025\/06\/Broch-25-26-p2-300x212.jpg 300w, https:\/\/www.natation.asp86.fr\/wp-content\/uploads\/2025\/06\/Broch-25-26-p2-1024x724.jpg 1024w, https:\/\/www.natation.asp86.fr\/wp-content\/uploads\/2025\/06\/Broch-25-26-p2-768x543.jpg 768w, https:\/\/www.natation.asp86.fr\/wp-content\/uploads\/2025\/06\/Broch-25-26-p2-1536x1086.jpg 1536w\" sizes=\"(max-width: 1754px) 100vw, 1754px\" \/><\/figure>\n\n\n\n<figure class=\"wp-block-image aligncenter size-large\"><a href=\"http:\/\/www.natation.asp86.fr\/wp-content\/uploads\/2024\/06\/Organig-2024.jpg\" target=\"_blank\" rel=\"noreferrer noopener\"><img loading=\"lazy\" decoding=\"async\" width=\"1024\" height=\"1024\" src=\"http:\/\/www.natation.asp86.fr\/wp-content\/uploads\/2024\/06\/Organig-2024-1024x1024.jpg\" alt=\"\" class=\"wp-image-1059\" srcset=\"https:\/\/www.natation.asp86.fr\/wp-content\/uploads\/2024\/06\/Organig-2024-1024x1024.jpg 1024w, https:\/\/www.natation.asp86.fr\/wp-content\/uploads\/2024\/06\/Organig-2024-300x300.jpg 300w, https:\/\/www.natation.asp86.fr\/wp-content\/uploads\/2024\/06\/Organig-2024-150x150.jpg 150w, https:\/\/www.natation.asp86.fr\/wp-content\/uploads\/2024\/06\/Organig-2024-768x768.jpg 768w, https:\/\/www.natation.asp86.fr\/wp-content\/uploads\/2024\/06\/Organig-2024-1536x1536.jpg 1536w, https:\/\/www.natation.asp86.fr\/wp-content\/uploads\/2024\/06\/Organig-2024.jpg 1754w\" sizes=\"(max-width: 1024px) 100vw, 1024px\" \/><\/a><\/figure>\n","protected":false},"excerpt":{"rendered":"<p>\u00c9cole de l&rsquo;eau : les canetons Pour les 4-7 ans En respectant le rythme de votre enfant, l\u2019activit\u00e9 se veut [&hellip;]<\/p>\n","protected":false},"author":1,"featured_media":0,"parent":116,"menu_order":1,"comment_status":"closed","ping_status":"closed","template":"","meta":{"site-sidebar-layout":"default","site-content-layout":"","ast-site-content-layout":"","site-content-style":"default","site-sidebar-style":"default","ast-global-header-display":"","ast-banner-title-visibility":"","ast-main-header-display":"","ast-hfb-above-header-display":"","ast-hfb-below-header-display":"","ast-hfb-mobile-header-display":"","site-post-title":"disabled","ast-breadcrumbs-content":"","ast-featured-img":"","footer-sml-layout":"","theme-transparent-header-meta":"","adv-header-id-meta":"","stick-header-meta":"","header-above-stick-meta":"","header-main-stick-meta":"","header-below-stick-meta":"","astra-migrate-meta-layouts":"default","ast-page-background-enabled":"default","ast-page-background-meta":{"desktop":{"background-color":"var(--ast-global-color-4)","background-image":"","background-repeat":"repeat","background-position":"center center","background-size":"auto","background-attachment":"scroll","background-type":"","background-media":"","overlay-type":"","overlay-color":"","overlay-gradient":""},"tablet":{"background-color":"","background-image":"","background-repeat":"repeat","background-position":"center center","background-size":"auto","background-attachment":"scroll","background-type":"","background-media":"","overlay-type":"","overlay-color":"","overlay-gradient":""},"mobile":{"background-color":"","background-image":"","background-repeat":"repeat","background-position":"center center","background-size":"auto","background-attachment":"scroll","background-type":"","background-media":"","overlay-type":"","overlay-color":"","overlay-gradient":""}},"ast-content-background-meta":{"desktop":{"background-color":"var(--ast-global-color-5)","background-image":"","background-repeat":"repeat","background-position":"center center","background-size":"auto","background-attachment":"scroll","background-type":"","background-media":"","overlay-type":"","overlay-color":"","overlay-gradient":""},"tablet":{"background-color":"var(--ast-global-color-5)","background-image":"","background-repeat":"repeat","background-position":"center center","background-size":"auto","background-attachment":"scroll","background-type":"","background-media":"","overlay-type":"","overlay-color":"","overlay-gradient":""},"mobile":{"background-color":"var(--ast-global-color-5)","background-image":"","background-repeat":"repeat","background-position":"center center","background-size":"auto","background-attachment":"scroll","background-type":"","background-media":"","overlay-type":"","overlay-color":"","overlay-gradient":""}},"footnotes":""},"class_list":["post-661","page","type-page","status-publish","hentry"],"_links":{"self":[{"href":"https:\/\/www.natation.asp86.fr\/index.php\/wp-json\/wp\/v2\/pages\/661","targetHints":{"allow":["GET"]}}],"collection":[{"href":"https:\/\/www.natation.asp86.fr\/index.php\/wp-json\/wp\/v2\/pages"}],"about":[{"href":"https:\/\/www.natation.asp86.fr\/index.php\/wp-json\/wp\/v2\/types\/page"}],"author":[{"embeddable":true,"href":"https:\/\/www.natation.asp86.fr\/index.php\/wp-json\/wp\/v2\/users\/1"}],"replies":[{"embeddable":true,"href":"https:\/\/www.natation.asp86.fr\/index.php\/wp-json\/wp\/v2\/comments?post=661"}],"version-history":[{"count":20,"href":"https:\/\/www.natation.asp86.fr\/index.php\/wp-json\/wp\/v2\/pages\/661\/revisions"}],"predecessor-version":[{"id":1771,"href":"https:\/\/www.natation.asp86.fr\/index.php\/wp-json\/wp\/v2\/pages\/661\/revisions\/1771"}],"up":[{"embeddable":true,"href":"https:\/\/www.natation.asp86.fr\/index.php\/wp-json\/wp\/v2\/pages\/116"}],"wp:attachment":[{"href":"https:\/\/www.natation.asp86.fr\/index.php\/wp-json\/wp\/v2\/media?parent=661"}],"curies":[{"name":"wp","href":"https:\/\/api.w.org\/{rel}","templated":true}]}}